18*j - 32. List the prime factors of t(s).
2, 5, 47
Suppose -7 = -11*k + 26. Suppose 2*i + 1804 = 2*l, 4*i - k = i. List the prime factors of l.
3, 7, 43
Suppose -8*z = 2*z + z - 31350. List the prime factors of z.
2, 3, 5, 19
Let y(k) = 39*k**2 + 218*k + 23. What are the prime factors of y(17)?
2, 3, 5
Let s(a) be the second derivative of a**6/120 + a**5/120 - a**4/12 - 5*a**3/3 - 8*a. Let j(w) be the second derivative of s(w). List the prime factors of j(-6).
2, 5
Let b be -5*(-48)/(-20)*-6. Suppose -3*x - b = -5*x. Let n = x + 2. List the prime factors of n.
2, 19
Let q(w) = -3*w**3 - 10*w**2 - 155*w + 38. What are the prime factors of q(-12)?
2, 7, 13, 31
Suppose 2*a - 3*a - 12 = 0. Let s(u) = 158*u**2 - 37*u - 37. Let x be s(-1). Let q = x - a. What are the prime factors of q?
2, 5, 17
Let w = -65 + 122. Suppose -54*o = -w*o + 1470. What are the prime factors of o?
2, 5, 7
Suppose 5*u - 1920 = 3*u + x, -4*u + 5*x = -3846. Let o = u + -534. What are the prime factors of o?
5, 17
Suppose 33*k - 432385 = -28894. List the prime factors of k.
12227
Suppose -22 - 56 = -6*x. What are the prime factors of (-2)/4*((-698 - x) + -13)?
2, 181
Let h(j) be the first derivative of j**4/4 + 4*j**3/3 - 4*j**2 - 6*j - 8. Let l be h(-4). Suppose 5*y - 3*k + 62 = 192, l = y + k. List the prime factors of y.
2, 13
Let z = 2375 - -343. Suppose z = 7*g + 2*g. What are the prime factors of g?
2, 151
Suppose -p + 5*p = 4*n + 35580, -3*n = 21. What are the prime factors of p?
2, 11, 101
Let f be 450/27*6/5. Suppose 7*g - f = 36. Suppose -111 = -g*u + 153. List the prime factors of u.
3, 11
Let u = -297 - -298. Let j(k) = -k - 8. Let x be j(-6). What are the prime factors of 129 - 2*(u - (-1)/x)?
2
Suppose -94*y + 69121 = -90115. What are the prime factors of y?
2, 7, 11
Let w = 1193 + -113. Let x = -38 + 49. Suppose x*t = t + w. List the prime factors of t.
2, 3
Let c(q) = 8244*q**2 + 169*q - 328. What are the prime factors of c(2)?
2, 16493
Suppose -4*f + 0*f = -4*u + 3252, 2*f = -u - 1623. Let j = -449 - f. List the prime factors of j.
3, 11
Suppose -14460 = -125*z + 123*z + 3*s, -36150 = -5*z - 5*s. What are the prime factors of z?
2, 3, 5, 241
Let q(l) = 268*l**2 - 5*l - 6. Let k be q(-2). Let y be (-15)/3*k/(-20). Suppose v = 3*r - y, 0 = -5*r + r - 5*v + 327. List the prime factors of r.
2, 11
Let o = -19004 - -44394. List the prime factors of o.
2, 5, 2539
Let c = -4605 - -8722. List the prime factors of c.
23, 179
Let f(u) = -56*u - 44. Let h(o) = o - 5. Let j(l) = f(l) - 16*h(l). What are the prime factors of j(-19)?
2, 3, 13
Suppose -10*x = -2*n - 6*x + 20, -5*n = -5*x - 40. Suppose -n*y - 1197 = -9*y. List the prime factors of y.
3, 7, 19
Suppose 3*a - 4*a = 3*t - 31, 5*a = -3*t + 47. Suppose 2*d + y - 457 = 0, -11*d - 2*y + 452 = -t*d. List the prime factors of d.
3, 7, 11
Let s(b) = -4549*b**3 - 2*b**2 + 2*b + 3. Let a be s(-1). Suppose 5*i - 8*i + a = 0. List the prime factors of 2/(-9) + i/18.
2, 3, 7
Let n be (-11*362 - -3)/(-1). Suppose -37*r + 16744 = n. List the prime factors of r.
3, 5, 23
Suppose -36*u = -20*u + 288. List the prime factors of -14*(-4 + (-69)/u)*579.
7, 193
List the prime factors of (-2008)/16*((-25)/(-5) + -55).
5, 251
Let h = 12 + -11. Let n(g) = 96*g**2 - 3*g + 2. Let u be n(h). Let d = u + -63. List the prime factors of d.
2
Let g = -305 + 308. Let x(o) = 9*o**2 - 3*o - 1. Let p be x(5). Suppose -5*r - 2*v = -6*r + 39, p = 5*r - g*v. List the prime factors of r.
43
Suppose -3*d - 1 + 10 = 0. Let l(z) = -4*z + 15. Let c be l(d). List the prime factors of ((-1)/(-6))/(3/420)*c.
2, 5, 7
Suppose -4*q + 52606 = -2*c, 10*c + 39462 = 3*q + 6*c. List the prime factors of q.
2, 5, 263
Suppose -361265 - 315638 = -52*r + 6949. List the prime factors of r.
13151
Let m = -57 + 104. Suppose 0 = 16*y + 721 - 97. Let i = y + m. What are the prime factors of i?
2
Suppose 1030*u + 202675 = 1041*u. List the prime factors of u.
5, 11, 67
Let p(q) = -1098*q - 2434. List the prime factors of p(-34).
2, 17449
Suppose 0 = 18*j - 16*j - 10. Suppose 4*i + 2 = -4*t + 10, j*t - 2*i = -11. What are the prime factors of t*30/25*-45?
2, 3
Let k be 4 + 14 + (4 - 1). Let y be k/(-28) - 115/(-4). What are the prime factors of 3/12 - (-525)/y?
19
Suppose 71*b - 2 = 73*b. Let d be b*(-1 + -1) + -1 - -2. Suppose -4*o - 34 = -n, -o + d*o - 58 = -n. List the prime factors of n.
2, 5
Let s be (-28 - -11)/((-1)/3). Suppose -s*l + 16*l + 32970 = 0. List the prime factors of l.
2, 3, 157
Let o be 1 - 5/3 - 578/(-102). Suppose 0 = -d, 2*u + o*d = 7*u - 240. What are the prime factors of u?
2, 3
What are the prime factors of 495152/40 - 3/(-15)?
12379
Let b(p) = 6*p**2 + 8*p + 25. Let j be b(-9). Suppose -895 + j = -2*i. What are the prime factors of i?
2, 3, 19
Suppose 2*l + 1791 = 3*z, 4*z - 97*l = -95*l + 2386. What are the prime factors of z?
5, 7, 17
Suppose 47713 - 139681 = -17*u - 7*u. What are the prime factors of u?
2, 479
Suppose -5949 = -13*a + 3411. Let y = -300 + a. What are the prime factors of y?
2, 3, 5, 7
Let y(a) = 2858*a + 1318. What are the prime factors of y(5)?
2, 1951
Suppose -64330 - 8237 = -9*s. What are the prime factors of s?
11, 733
Suppose 0 = 116*b - 147*b + 149265. What are the prime factors of b?
3, 5, 107
Let f be (3 + 849)*(-2)/(-6). Suppose 4*t - 3*h - f = 0, 5*t + 4*h - 328 = 27. Suppose -4*o - t = -k, -o + 2*o = 5*k - 260. List the prime factors of k.
3, 17
Suppose -2*a + 125 + 13 = 5*g, -5*a - 4*g + 379 = 0. List the prime factors of 5*a*(0 - -1).
5, 79
Let d = -18 - 25. Let t = 472 - d. Suppose 0*j - 2*j = 5*c - t, -2*c = 3*j - 195. List the prime factors of c.
3, 5, 7
Let w be 4 + 7/(-1)*(-650)/91. Let d = w + 4. What are the prime factors of 8/6*(d + -10)?
2
Suppose 178 + 16 = -4*g + p, -4*p + 8 = 0. Let j = g + 500. What are the prime factors of j?
2, 113
Suppose -22*v - 877 = -23*v. Suppose 3*k - v = -c, -3*k - 881 = -6*k - 5*c. Suppose a + 5*m - k = 0, -2*m - 332 = -a + 3*m. List the prime factors of a.
2, 3, 13
Let d(k) = 516*k - 2651. What are the prime factors of d(30)?
12829
Let p(h) = 5*h**2 + 7*h. Let t be p(-3). Let x be (3 - t/4) + -10 + 4. Let u = x + 41. List the prime factors of u.
2
Suppose -53015 = -5*w - 26*o + 31*o, 3*w = -3*o + 31785. What are the prime factors of w?
3, 3533
Suppose -12*p + 11*p + 4*h + 4322 = 0, -4*p + 5*h = -17222. What are the prime factors of p?
2, 7, 307
Let y = -13996 - -22314. What are the prime factors of y?
2, 4159
Let t(u) = u**2 + 12*u - 30. Let h be t(23). Let y = h - -218. List the prime factors of y.
3, 331
Let k(r) = 194*r**2 - 316*r + 3483. What are the prime factors of k(11)?
3, 2609
Suppose -5 = -7*i + 254. Suppose i - 12 = 5*y. Suppose p - 183 = y*r, 0 = 3*p - 0*r + 5*r - 569. List the prime factors of p.
2, 47
Suppose 0 = -13*s - 28861 + 123878. What are the prime factors of s?
7309
Let n = 3213 - 2272. List the prime factors of n.
941
Let i = 11809 + 8845. List the prime factors of i.
2, 23, 449
Let s = -263 - -208. Let v be 4/10 - (-1719)/15. Let f = s + v. What are the prime factors of f?
2, 3, 5
Let q(s) = s**3 + 5*s**2 + 4*s - 6. Let a be q(-3). Let z be (a - -3267) + (-8 - -4 - -6). Suppose 12*d - z = -557. List the prime factors of d.
2, 113
Suppose 2*v = -3*q + 1045, 4*v + 2*q - 2136 + 42 = 0. Suppose -3*y + v = 4*m, 114 = m + 4*y + y. List the prime factors of m.
2, 67
List the prime factors of 1/6*8/6 - 645925622/(-13707).
2, 3, 7, 11, 17
Let i(j) = 275*j - 957. List the prime factors of i(14).
11, 263
Let g be -725 - 20/16*4. Let z = g - -1665. List the prime factors of z.
5, 11, 17
Let i = -22404 - -36412. Suppose 11*l - i = -5208. Suppose 2*s - 4*k + 214 = 3*s, 4*s + 2*k = l. List the prime factors of s.
2, 3, 11
Let t(a) = 10*a + 10. Let w(h) = -6*h - 24. Let d be w(-6). Let z be t(d). Suppose -14*b + z = -9*b. What are the prime factors of b?
2, 13
Let f(r) = r**3 + 16*r**2 + 17*r + 32. Let u be f(-15). Let j(q) = 0*q + 2*q - q**3 - 7*q**3 + u*q**2 + 123 - 114. What are the prime factors of j(-3)?
3, 79
Let z(s) = s**2 - 24*s - 78. Let a be z(27). Suppose 2170 = 10*x - a*x. What are the prime factors of x?
2, 5, 31
Let q = -295 + 709. Let n be (-1)/(4/28*(-21)/q). Suppose -3*h + 378 = -3*k, -h + n = 4*k - k. What are the prime factors of h?
3, 43
Suppos